 of 1468904535?
True
Does 14 divide 1179427015?
False
Does 18 divide 86985126?
True
Is 374 a factor of 776769202?
True
Is 12 a factor of 49013736?
True
Does 52 divide 7140643?
False
Is 11393 a factor of 44629805?
False
Is 151414815 a multiple of 769?
False
Is 554691924 a multiple of 18?
True
Does 375 divide 36232500?
True
Does 4 divide 127153232?
True
Does 194 divide 22050234?
True
Is 47 a factor of 384995731?
False
Is 296576840 a multiple of 20?
True
Is 2010 a factor of 390249540?
True
Is 13 a factor of 3053201706?
False
Is 21715172 a multiple of 191?
True
Is 39 a factor of 98383121?
False
Is 68 a factor of 15890676?
False
Is 9239993 a multiple of 26?
False
Is 83 a factor of 26933417?
True
Is 34728342 a multiple of 3?
True
Does 163 divide 3468682?
False
Is 48344818 a multiple of 61?
True
Does 344 divide 155181840?
True
Does 23 divide 79073103?
True
Is 286788317 a multiple of 2?
False
Is 45 a factor of 1103441771?
False
Is 6 a factor of 9695729?
False
Does 1341 divide 221714235?
True
Is 22 a factor of 79653948?
True
Is 124807500 a multiple of 1661?
False
Is 18473649 a multiple of 184?
False
Does 336 divide 34071744?
True
Is 789 a factor of 22630887?
True
Is 1155646706 a multiple of 17?
True
Is 309666872 a multiple of 232?
True
Is 298 a factor of 310369682?
True
Is 1115 a factor of 961612795?
True
Is 7 a factor of 16884371?
True
Is 595 a factor of 32582795?
True
Is 11243872 a multiple of 184?
True
Is 575 a factor of 121855210?
False
Does 192 divide 494326416?
False
Is 3 a factor of 745434?
True
Is 324972292 a multiple of 926?
True
Is 744 a factor of 10319280?
True
Is 33539894 a multiple of 31?
False
Is 129 a factor of 251308159?
False
Is 1659830906 a multiple of 952?
False
Is 4 a factor of 11876270?
False
Does 102 divide 16858242?
False
Is 107 a factor of 29417113?
False
Is 7 a factor of 11031363?
True
Does 12 divide 2053392?
True
Does 923 divide 314231965?
False
Is 211624805 a multiple of 79?
True
Is 774 a factor of 90314238?
False
Does 536 divide 195719864?
True
Is 1222343 a multiple of 5?
False
Is 498324400 a multiple of 2755?
True
Is 338232680 a multiple of 323?
True
Is 1070 a factor of 38079484?
False
Is 50 a factor of 30300864?
False
Is 1141 a factor of 140888119?
False
Does 231 divide 27541899?
True
Does 14 divide 18591870?
False
Does 172 divide 154571455?
False
Is 259542318 a multiple of 1862?
True
Is 139 a factor of 221140660?
True
Is 295799744 a multiple of 958?
True
Does 9 divide 13294206?
True
Is 46783950 a multiple of 150?
True
Is 2442351 a multiple of 87?
True
Does 1140 divide 194684974?
False
Is 45 a factor of 100608213?
False
Is 6 a factor of 45146217?
False
Is 5921 a factor of 4015723567?
False
Is 37 a factor of 277693288?
True
Does 59 divide 56371170?
False
Is 18 a factor of 96016752?
True
Is 30 a factor of 226925663?
False
Is 2280283 a multiple of 116?
False
Is 223419792 a multiple of 16?
True
Is 24 a factor of 181807971?
False
Does 85 divide 66014230?
True
Is 39 a factor of 19601673?
True
Is 21101692 a multiple of 648?
False
Is 81455867 a multiple of 883?
True
Is 772 a factor of 2031404516?
True
Is 14301739 a multiple of 4?
False
Is 35488758 a multiple of 102?
True
Does 830 divide 44996790?
True
Is 20238684 a multiple of 2?
True
Is 994925231 a multiple of 1525?
False
Is 2465955 a multiple of 51?
False
Is 2324 a factor of 148782478?
False
Is 314261609 a multiple of 176?
False
Is 9208418 a multiple of 23?
True
Does 1763 divide 3991432?
True
Does 104 divide 32045127?
False
Does 47 divide 683347178?
False
Does 59 divide 9365247?
True
Is 639466388 a multiple of 124?
True
Is 206163712 a multiple of 7?
False
Is 15 a factor of 11143091?
False
Is 208393052 a multiple of 3049?
True
Does 38 divide 119206418?
True
Does 623 divide 1699046846?
True
Is 63237365 a multiple of 105?
False
Is 202821705 a multiple of 13?
False
Does 1542 divide 2094205970?
False
Is 35675237 a multiple of 961?
False
Is 581 a factor of 107804550?
True
Is 8 a factor of 2739056548?
False
Does 126 divide 7421652?
True
Is 255831829 a multiple of 11?
True
Is 10 a factor of 174573420?
True
Is 24709 even?
False
Is 284904283 a multiple of 12?
False
Is 2164 a factor of 341440593?
False
Is 30 a factor of 17589915?
False
Does 528 divide 11573616?
False
Is 11638281 a multiple of 477?
False
Is 203 a factor of 20785373?
True
Is 8 a factor of 28152944?
True
Is 14 a factor of 31550078?
True
Is 51 a factor of 38753727?
True
Is 1218 a factor of 79757439?
False
Does 102 divide 122993334?
True
Is 71 a factor of 4479461?
True
Is 42286419 a multiple of 399?
True
Is 171 a factor of 94430304?
True
Does 228 divide 6898033?
False
Is 51 a factor of 81290727?
False
Is 44960 a multiple of 40?
True
Does 21 divide 32019940?
False
Is 341 a factor of 32572294?
False
Does 377 divide 18679219?
True
Does 38 divide 23458129?
False
Does 55 divide 16217604?
False
Is 1956255900 a multiple of 2059?
True
Is 71 a factor of 25247671?
True
Is 690327600 a multiple of 2868?
True
Does 5 divide 8444619?
False
Is 286701874 a multiple of 51?
False
Does 14 divide 925406854?
False
Is 654 a factor of 450833592?
True
Is 103969008 a multiple of 9?
True
Is 1440 a factor of 203961593?
False
Is 23658213 a multiple of 20?
False
Is 48 a factor of 10833072?
True
Is 655 a factor of 44315990?
True
Is 2184009 a multiple of 2?
False
Is 221693653 a multiple of 9?
False
Is 677065948 a multiple of 95?
False
Does 703 divide 376622152?
False
Is 1053 a factor of 6720246?
True
Is 10388235 a multiple of 435?
True
Is 2472 a factor of 138213528?
False
Does 121 divide 732758314?
False
Is 1595077681 a multiple of 12?
False
Does 9 divide 440705001?
False
Is 1365076417 a multiple of 126?
False
Is 94 a factor of 22136060?
True
Is 2615 a factor of 37286170?
False
Is 77 a factor of 992108733?
True
Is 71 a factor of 207100421?
False
Is 6992428 a multiple of 238?
False
Is 867 a factor of 65410016?
False
Is 7004546801 a multiple of 94?
False
Does 279 divide 845002447?
False
Is 211 a factor of 4772574542?
False
Is 2476 a factor of 929505256?
True
Is 1386 a factor of 21135114?
True
Is 2835564104 a multiple of 76?
True
Is 725511203 a multiple of 1805?
False
Does 9 divide 552465?
True
Does 154 divide 75619566?
False
Does 3636 divide 148540184?
False
Is 85962220 a multiple of 490?
False
Does 3 divide 111342263?
False
Does 5 divide 341038391?
False
Is 366694301 a multiple of 87?
False
Is 260 a factor of 4466800?
True
Is 544355424 a multiple of 1256?
True
Is 48 a factor of 98814384?
True
Is 11 a factor of 150479731?
False
Does 11 divide 488356253?
True
Does 751 divide 30987011?
True
Is 189060473 a multiple of 1267?
True
Is 74 a factor of 81392230?
True
Does 18 divide 271490274?
True
Does 103 divide 214534090?
False
Is 199130228 a multiple of 506?
True
Is 17328655 a multiple of 5?
True
Is 108471160 a multiple of 70?
True
Is 35117586 a multiple of 126?
True
Does 4 divide 648635?
False
Does 29 divide 25348100?
False
Is 449 a factor of 734618175?
False
Does 341 divide 33008200?
False
Does 2807 divide 889819?
True
Does 16 divide 160484112?
True
Is 1328 a factor of 22115184?
True
Is 141690627 a multiple of 351?
True
Does 657 divide 2750202?
True
Is 4996053 a multiple of 141?
True
Is 19246876 a multiple of 188?
True
Is 326 a factor of 624806058?
True
Is 42 a factor of 614473062?
True
Is 677882879 a multiple of 53?
True
Is 19 a factor of 163318167?
True
Does 36 divide 67073309?
False
Is 87 a factor of 1226324856?
True
Is 5223017968 a multiple of 10801?
True
Is 151 a factor of 207512444?
False
Is 3040 a factor of 791360640?
True
Is 279773 a multiple of 729?
False
Is 1333 a factor of 19703073?
True
Is 1228541490 a multiple of 11?
True
Is 3473 a factor of 768610465?
False
Does 482 divide 27428522?
False
Does 434 divide 62167462?
True
Does 1589 divide 14898048?
False
Does 3085 divide 430224688?
False
Is 92 a factor of 1230434082?
False
Is 1300003915 a multiple of 76?
False
Is 21 a factor of 201530511?
True
Is 8300352 a multiple of 6?
True
Does 3738 divide 608980823?
False
Does 566 divide 265629460?
True
Does 3041 divide 2927710586?
True
Is 17 a factor of 95776776?
True
Is 838131983 a multiple of 11?
False
Is 447181980 a multiple of 4458?
True
Is 1550 a factor of 15894979?
False
Is 676020768 a multiple of 96?
True
Is 128 a factor of 850672272?
False
Is 173 a fact